of 20482079.
647, 31657
What are the prime factors of 4061786?
2, 37, 131, 419
What are the prime factors of 784397?
17, 46141
List the prime factors of 162032.
2, 13, 19, 41
List the prime factors of 143366.
2, 97, 739
List the prime factors of 11979.
3, 11
List the prime factors of 494871.
3, 13, 12689
List the prime factors of 2408797.
47, 53, 967
List the prime factors of 149454.
2, 3, 19, 23
List the prime factors of 210498.
2, 3, 35083
List the prime factors of 1294930.
2, 5, 7, 13, 1423
What are the prime factors of 1205703?
3, 133967
What are the prime factors of 1782121?
11, 162011
What are the prime factors of 10106784?
2, 3, 19, 1847
What are the prime factors of 592943?
13, 17, 2683
What are the prime factors of 204329?
204329
List the prime factors of 3663962.
2, 37, 67, 739
List the prime factors of 7116238.
2, 773, 4603
What are the prime factors of 7723655?
5, 211, 7321
List the prime factors of 1646294.
2, 13, 23, 2753
What are the prime factors of 601203?
3, 200401
What are the prime factors of 2243323?
1129, 1987
List the prime factors of 3961007.
3961007
List the prime factors of 2464924.
2, 7, 11, 53, 151
What are the prime factors of 272133?
3, 10079
What are the prime factors of 5640434?
2, 487, 5791
What are the prime factors of 463439?
67, 6917
What are the prime factors of 1108434?
2, 3, 17, 10867
List the prime factors of 5164195.
5, 1032839
List the prime factors of 484977.
3, 161659
List the prime factors of 2006150.
2, 5, 40123
List the prime factors of 27360517.
27360517
What are the prime factors of 465290?
2, 5, 7, 17, 23
What are the prime factors of 491155?
5, 7, 14033
List the prime factors of 393945.
3, 5, 26263
List the prime factors of 2194136.
2, 7, 39181
List the prime factors of 25689133.
1429, 17977
What are the prime factors of 822497?
13, 151, 419
List the prime factors of 8541753.
3, 11, 23531
What are the prime factors of 866767?
11, 78797
What are the prime factors of 2435337?
3, 270593
What are the prime factors of 497500?
2, 5, 199
List the prime factors of 4430241.
3, 31, 67, 79
What are the prime factors of 6367902?
2, 3, 1061317
List the prime factors of 3672851.
7, 13, 40361
What are the prime factors of 388879?
388879
List the prime factors of 396982.
2, 198491
List the prime factors of 6198117.
3, 569, 3631
What are the prime factors of 5272027?
317, 16631
List the prime factors of 400603.
7, 151, 379
What are the prime factors of 534103?
43, 12421
List the prime factors of 1494587.
733, 2039
List the prime factors of 575433.
3, 17, 3761
What are the prime factors of 19011167?
7, 41, 9463
List the prime factors of 2112476.
2, 29, 18211
What are the prime factors of 20572116?
2, 3, 293, 5851
List the prime factors of 3469711.
7, 23, 937
List the prime factors of 1170242.
2, 293, 1997
List the prime factors of 6643473.
3, 2214491
What are the prime factors of 1038611?
7, 23, 6451
List the prime factors of 552349.
7, 19, 4153
List the prime factors of 38605481.
3911, 9871
What are the prime factors of 10632320?
2, 5, 37, 449
List the prime factors of 389856.
2, 3, 31, 131
List the prime factors of 22374978.
2, 3, 797, 4679
What are the prime factors of 3419690?
2, 5, 569, 601
What are the prime factors of 1088577?
3, 7, 37, 467
List the prime factors of 547397.
547397
What are the prime factors of 1627615?
5, 11, 101, 293
What are the prime factors of 17097771?
3, 31, 157, 1171
What are the prime factors of 471652?
2, 61, 1933
List the prime factors of 67044.
2, 3, 37, 151
What are the prime factors of 27665498?
2, 7, 197, 1433
What are the prime factors of 6104665?
5, 7, 24917
What are the prime factors of 4839805?
5, 967961
List the prime factors of 260837.
109, 2393
What are the prime factors of 28459?
149, 191
What are the prime factors of 88837?
7, 37
What are the prime factors of 71686?
2, 73, 491
What are the prime factors of 2439082?
2, 367, 3323
What are the prime factors of 274913?
421, 653
List the prime factors of 992720.
2, 5, 12409
What are the prime factors of 245938?
2, 7, 11, 1597
What are the prime factors of 163181?
163181
List the prime factors of 18204925.
5, 37, 19681
What are the prime factors of 522496?
2, 13, 157
What are the prime factors of 1252933?
11, 113903
List the prime factors of 217906.
2, 13, 17, 29
What are the prime factors of 3010107?
3, 1003369
What are the prime factors of 4417269?
3, 1472423
What are the prime factors of 1657734?
2, 3, 13, 53, 401
List the prime factors of 1502343.
3, 79, 2113
List the prime factors of 2209104.
2, 3, 23, 29
What are the prime factors of 403810?
2, 5, 11, 3671
List the prime factors of 2627242.
2, 1313621
What are the prime factors of 943525?
5, 11, 47, 73
List the prime factors of 94324.
2, 23581
What are the prime factors of 12415402?
2, 73, 85037
List the prime factors of 30546.
2, 3, 1697
What are the prime factors of 371816?
2, 46477
List the prime factors of 27407154.
2, 3, 67, 79, 863
What are the prime factors of 225684?
2, 3, 6269
List the prime factors of 20213040.
2, 3, 5, 84221
What are the prime factors of 7431348?
2, 3, 619279
What are the prime factors of 1781255?
5, 7, 50893
List the prime factors of 16712145.
3, 5, 23, 67, 241
What are the prime factors of 685992?
2, 3, 101, 283
List the prime factors of 22517783.
22517783
What are the prime factors of 281704?
2, 23, 1531
What are the prime factors of 468589?
11, 41, 1039
What are the prime factors of 2268063?
3, 7, 37, 139
List the prime factors of 2751844.
2, 687961
List the prime factors of 11925833.
11925833
List the prime factors of 1540429.
11, 131, 1069
List the prime factors of 744737.
7, 106391
List the prime factors of 13114997.
7, 19, 14087
What are the prime factors of 2380139?
131, 18169
List the prime factors of 1172825.
5, 43, 1091
List the prime factors of 103199.
31, 3329
What are the prime factors of 855326?
2, 29, 14747
List the prime factors of 674339.
17, 39667
What are the prime factors of 521579?
199, 2621
What are the prime factors of 23626885?
5, 1867, 2531
List the prime factors of 3559371.
3, 103, 11519
List the prime factors of 9430586.
2, 11, 428663
List the prime factors of 4598384.
2, 7, 41057
What are the prime factors of 2151088?
2, 134443
What are the prime factors of 9191521?
29, 151, 2099
List the prime factors of 1622040.
2, 3, 5, 7, 1931
List the prime factors of 4773079.
97, 49207
What are the prime factors of 1233535?
5, 246707
What are the prime factors of 305339?
305339
List the prime factors of 210692.
2, 52673
List the prime factors of 1162951.
1162951
List the prime factors of 179943.
3, 59981
What are the prime factors of 478962?
2, 3, 11, 41, 59
List the prime factors of 13276520.
2, 5, 23, 14431
What are the prime factors of 4085444?
2, 11, 23, 367
List the prime factors of 623633.
623633
List the prime factors of 15068459.
7, 2152637
List the prime factors of 1065067.
17, 31, 43, 47
What are the prime factors of 483127?
483127
List the prime factors of 684972.
2, 3, 53, 359
What are the prime factors of 16875649?
7, 479, 719
What are the prime factors of 28467?
3, 3163
What are the prime factors of 766943?
766943
List the prime factors of 985378.
2, 19, 25931
List the prime factors of 21281789.
151, 140939
What are the prime factors of 5788794?
2, 3, 11, 139, 631
What are the prime factors of 1005387?
3, 139, 2411
List the prime factors of 6312116.
2, 1578029
What are the prime factors of 290171?
7, 41453
List the prime factors of 7167509.
7167509
List the prime factors of 13841.
13841
List the prime factors of 7451435.
5, 1490287
List the prime factors of 491629.
31, 15859
What are the prime factors of 280087?
173, 1619
What are the prime factors of 409153?
409153
What are the prime factors of 284170?
2, 5, 157, 181
What are the prime factors of 22323965?
5, 4464793
What are the prime factors of 1104418?
2, 7, 78887
What are the prime factors of 3627302?
2, 7, 109, 2377
What are the prime factors of 730614?
2, 3, 263, 463
What are the prime factors of 199538?
2, 19, 59, 89
What are the prime factors of 1923085?
5, 19, 31, 653
List the prime factors of 19981847.
191, 233, 449
List the prime factors of 751710.
2, 3, 5, 25057
List the prime factors of 876.
2, 3, 73
What are the prime factors of 429161